*o + 104 = 5*a + 157*o, 3*a - 42 = -9*o. Calculate the greatest common divisor of 2010 and a.
10
Suppose -5*w - 10*i = -5*i + 370, -2*w = 3*i + 146. Let p = 166 - w. Calculate the greatest common factor of p and 22.
22
Let b be (-2)/2*-7151 + -4 + 7. What is the greatest common divisor of b and 490?
98
Suppose -678*j + 154 = -667*j. Let i = -87 + 150. What is the greatest common divisor of i and j?
7
Suppose -5*n - 117*c + 243 = -114*c, n + 5*c - 53 = 0. Calculate the greatest common factor of n and 168.
24
Suppose 2*i + 2*x = 46, -7*i + 11*i - 4*x - 132 = 0. What is the highest common factor of i and 6790?
14
Let u(b) = b**2 - 15*b + 20. Suppose n + 3 = -v + 6*n, -3*n = 5*v - 97. Let d be u(v). What is the highest common factor of 594 and d?
54
Suppose d = 3*d + 136. Let i = d - -200. Let c be 4/35 + (-10)/(-35) + 58/5. What is the highest common divisor of c and i?
12
Suppose -69*k = -75*k + 66. Suppose 125 - 400 = -k*b. Let a be (-50)/(-8)*4/1. Calculate the highest common factor of a and b.
25
Let y = -287 + 448. Suppose y = 5*i + 11. Let a(g) = -2*g**3 + 22*g**2 + 24*g + 10. Let l be a(12). What is the greatest common factor of l and i?
10
Suppose 85 = r + 96. Let s = 13 + r. Suppose 5*f - s*f - 21 = -u, 5*f + u = 37. Calculate the greatest common factor of 16 and f.
8
Let f(l) = -l**2 - 14*l + 1. Let b be f(-14). Let m be (-8 - (-4 + 0)) + -12 + b. Let x be -30*1/(21/m - -1). Calculate the highest common factor of x and 45.
15
Let u = -10165 + 10283. What is the greatest common factor of 6431 and u?
59
Let z = -28 - -32. Suppose -5*g = -4*h - 19 + z, -g + 3*h = 8. Let q be (49 - g)/((-6)/(-16)). What is the greatest common divisor of q and 16?
16
Let b(n) = 230*n + 1258. Let k be b(9). What is the highest common factor of 78 and k?
26
Suppose 3*q - 54 = -3*x - 138, -2*x = 5*q + 59. Let a be (x/18)/(1/3)*-16. Calculate the greatest common divisor of a and 90.
18
Suppose 0 = 2*j + 5*l - 47133, 0 = -j + l + 16800 + 6763. Suppose -j - 53492 = -43*o. Calculate the greatest common factor of o and 14.
14
Let i = -41 - -42. Suppose i = a - 6. Let x be 36 - 2/(2/1). What is the greatest common factor of x and a?
7
Suppose -b + 10 = -10. Let n = -163107 - -163207. Calculate the greatest common factor of b and n.
20
Let s = 95 - 96. Let n be (-2387)/(-33) + s + (-2)/(-3). Calculate the highest common factor of n and 36.
36
Let v(h) = 50*h + 78. Let b be v(18). Let f be 18/45 - b/(-30). Calculate the highest common divisor of 594 and f.
33
Suppose -2438 + 33165 = 56*c - 31993. Calculate the greatest common divisor of 20 and c.
20
Let v = -3914 - -3917. What is the highest common divisor of v and 4977?
3
Suppose 0 = -2479*u + 2488*u - 31185. What is the highest common factor of u and 99?
99
Let v(j) = j + 165. Let z be v(0). Let f be -5 - (150/2 - -5). Let h be 5/(f/15 - -6). What is the highest common divisor of z and h?
15
Suppose -16*o + 20*o + 5*c = 377, 3*c = -9. Calculate the highest common divisor of o and 1127.
49
Suppose -262 = -i + 2*k + 548, -2423 = -3*i - k. What is the greatest common divisor of 8 and i?
8
Suppose 0 = t - 4*z - 4, 0*z + 26 = 2*t - 2*z. Suppose -t*u + 1860 = -u. Calculate the highest common factor of u and 93.
31
Let l be 936/(-702)*(6342/(-8) + -3). Calculate the highest common divisor of 1 and l.
1
Let p(k) = 2*k + 1. Let m be p(2). Suppose -v = -m*v - 32. Let d be 0 - 24*12/v. Calculate the highest common divisor of d and 9.
9
Let s = -114 - -117. Suppose 291 = -s*k + 483. Suppose -5*b - 3*c = -c - 46, 3*b = -3*c + 33. Calculate the highest common factor of k and b.
8
Let p = -45823 + 46098. Suppose 6 = -i + 61. What is the greatest common factor of i and p?
55
Let q = 72 - 36. Suppose -u + h - 3 = 0, -5*u + 2*h - 15 = 4*h. Let n be -6*3/(u/8). What is the greatest common factor of q and n?
12
Suppose 2*r - 10 = 0, -425 = -c - r + 205. Let i = c - 209. What is the greatest common divisor of i and 13?
13
Let m(k) = -5*k**2 + 8*k - 2. Let d be m(7). Let b = d + 337. Let o = -132 + b. Calculate the greatest common divisor of 266 and o.
14
Suppose 2*w + 54 = j - 8, -4 = -w. Suppose 0 = -h + 83 - 13. What is the highest common factor of h and j?
70
Suppose 102*i - 32604 = -101*i + 197*i. What is the highest common factor of 13 and i?
13
Let x = -9069 + 9071. Suppose 2*b - 90 = -4*h, -h + 93 = 3*h + 5*b. What is the greatest common factor of x and h?
2
Suppose 1165*i - 1177*i = -93 - 27. Let f(w) = -7*w - 3. Let r be f(-4). Calculate the greatest common divisor of i and r.
5
Suppose 3*x + 12 = 6*x. Let p(b) be the third derivative of -b**4/24 + 10*b**3/3 - 41*b**2. Let j be p(0). Calculate the greatest common factor of x and j.
4
Suppose 0 = -5*h + 83 + 107. Suppose 93*s - 95*s + h = 0. Let l(c) = 171*c**2 + c - 1. Let m be l(1). Calculate the highest common divisor of s and m.
19
Let y(j) = -j + 32. Suppose 0 = 5*l + l - 120. Let w be y(l). Calculate the highest common factor of 108 and w.
12
Let x be -1*(15/(-3) - 0). Suppose 11 = x*f - 4. Let p be 2*(f - 6 - 34/(-4)). Calculate the greatest common divisor of 11 and p.
11
Let b(y) = -26*y + 136. Let o be b(5). Suppose -1107 + 8919 = o*f. Calculate the highest common divisor of f and 42.
42
Suppose 0 = 5*w + 2*s - 97, 0*w + 89 = 5*w + 4*s. Suppose -5*c + 2*q + 17 = 0, -4*c = -2*q + 9 - w. What is the greatest common factor of 20 and c?
5
Suppose -3*n - 4*i + 185 = 0, -2*n + 20 = 5*i - 94. Calculate the greatest common divisor of n and 1.
1
Let v(h) be the third derivative of h**6/120 - 3*h**5/10 + 3*h**3/2 + 2*h**2 + 9. Let w be v(18). What is the highest common divisor of w and 279?
9
Suppose -76*m - 182 = -596 - 802. Calculate the greatest common divisor of m and 424.
8
Let j be ((-1)/(-2))/(91/2002)*(1 + 106). Calculate the greatest common factor of 418 and j.
11
Suppose 33 - 9 = 2*f. Let j = -49 + 60. Let k = j + 1. Calculate the greatest common divisor of k and f.
12
Let y be (79 + -10 - (2 - (-4 - -4)))*1. Calculate the highest common factor of 2747 and y.
67
Suppose 280 = 2*r + x, x - 568 + 8 = -4*r. Suppose -8 = 2*f - r. Let w = -53 + f. Calculate the greatest common divisor of 52 and w.
13
Let l be (4380/(-365))/((-48)/20). Let p be 1 + -2 + 2 + 1. Calculate the highest common divisor of p and l.
1
Let c(b) = 12*b + 9. Let z be c(-1). Let u be 86*1 - (-9 + 6)/z. Calculate the highest common divisor of u and 20.
5
Let g = 187 + -122. Let r(p) = p**2 - 47*p + 90. Let c be r(2). Let v = g + c. What is the highest common factor of v and 26?
13
Suppose -11*l + 2819 + 12820 + 2687 = 0. What is the greatest common divisor of l and 17?
17
Let s be (162/4)/(3702/9872). Let x = -10 - -22. Calculate the greatest common factor of s and x.
12
Let s be (217155/20)/(345/920). What is the highest common divisor of 62 and s?
62
Let x(n) be the second derivative of n**5/20 + 29*n**2/2 - 6*n + 6. Let l be x(0). What is the greatest common divisor of l and 29?
29
Let b(x) = 3*x + 2. Let r be b(0). Suppose f - 120 = -r*l - f, -2*l = -f - 105. What is the highest common factor of 33 and l?
11
Suppose -u + 81 = 8. Let i = 118 - u. Let h be 216/(-9)*(-6)/8. Calculate the greatest common factor of i and h.
9
Let j = 28163 + -26945. What is the highest common factor of 462 and j?
42
Let q = -29 - -47. Suppose 5*f - 58*x + 55*x - 333 = 0, 2*x = -12. Calculate the greatest common divisor of q and f.
9
Suppose 12*f - 14*f + x + 10 = 0, 2*f + 4*x = 0. Let h be f/(-54) - (-12565)/135. What is the greatest common factor of 217 and h?
31
Let g be 170/14 - 0 - 9/252*4. What is the highest common divisor of g and 18456?
12
Let s = -161 - -161. Suppose s = -40*q + 52*q - 1272. What is the greatest common divisor of q and 1?
1
Let n = -369 - -391. Let o be (150/(-4) + 0)/((-18)/96). Let v = o - 24. What is the greatest common factor of v and n?
22
Let t = -2887 + 2971. What is the greatest common factor of t and 119?
7
Let m be ((-11)/13 + (-146)/949)*-7. What is the highest common factor of m and 5?
1
Suppose 4*r - 180 - 144 = -2*z, -768 = -5*z + 4*r. Calculate the greatest common factor of 572 and z.
52
Suppose 2*k - 61 - 173 = 0. Suppose -6*c = -k + 21. Let y be (-32)/(-6)*(-6)/(-8). What is the greatest common divisor of c and y?
4
Let f(b) = 86*b**2 + 8. Let z be f(-3). What is the highest c